3
What is the value of (-2 - -1) + (-21 - -25)?
3
Evaluate (-8 + 3 + 1 - 2) + 3.
-3
Calculate 9 + (-1 - 4) + -9.
-5
Evaluate -2 - 3 - -1 - 1.
-5
Evaluate (12 - 6 - 1) + -11.
-6
What is the value of 4 + (-6 - 3) - (4 - 0)?
-9
Evaluate 4 - (3 + -2 + 4) - 1.
-2
What is the value of -4 - (4 + 5 + -4 + -10)?
1
What is 3 - (6 - -1) - -5?
1
Evaluate -5 + (-1 - (-1 - 3)).
-2
Calculate -8 - (1 - (6 - 1)).
-4
Evaluate -5 - -9 - (1 - 2).
5
Evaluate (1 - 1) + -1 + (137 - 136).
0
-1 + 3 - (3 - 0 - -1)
-2
Evaluate 8 + (-5 - (-5 - -1) - 2).
5
What is -2 + -1 - (6 - 10 - -5)?
-4
(-1 - (0 + -1) - -1) + 3
4
What is (-7 - -8 - -2) + 2?
5
-2 - -1 - (0 - (2 - -2))
3
Evaluate 3 + 3 + (-7 - (-11 + 7)).
3
What is 10 - (20 - (0 + 7))?
-3
-14 + 28 - (0 - -8)
6
0 + 1 - (-1 - -1) - -2
3
Evaluate 10 + (-19 - -7) + -5.
-7
What is 5 + -4 + -5 - -2?
-2
-4 + 10 + -1 + -4 + -2
-1
Calculate 2 - (0 + 3) - (-7 + 3).
3
0 - (0 + 0 + -1 + 4)
-3
Calculate 2 + -1 + (-5 - 1) + 5.
0
What is the value of -8 - ((0 - -6) + -2 - 5)?
-7
What is -27 + 18 + (2 + 1 - -1)?
-5
Evaluate 2 + (-5 - (9 - 18)).
6
Calculate (7 + (-1 - 6) - 3) + 10.
7
Calculate (1 - (8 + -4)) + 6.
3
Evaluate -31 + 28 - (0 - -1).
-4
What is 4 - (-2 + (-10 - -8) - -18)?
-10
What is 4 + -1 + 2 + (0 - 1)?
4
104 + -102 + -3 + (0 - 0)
-1
What is the value of 2 + 1 + -6 - -7?
4
Evaluate (14 - 7) + -4 - 3.
0
What is the value of (0 - 2) + (1 - 2)?
-3
What is 3 + -7 - (5 - 9) - 2?
-2
Calculate 0 + (-6 + 3 - -1).
-2
What is the value of (-6 - (-8 - -4)) + 7?
5
Calculate (8 - (-2 - -4)) + -22 + 16.
0
Evaluate -3 + -5 - (-5 + 1).
-4
Calculate -6 - -1 - (0 + -12 - -9).
-2
-5 + 8 + -2 + -1 + -2
-2
What is (23 + -12 - 8) + -10?
-7
What is 2 - -4 - (18 + -6 + -3)?
-3
Evaluate -11 + 10 + 7 + 2.
8
-8 + (7 + -1 - 2)
-4
Calculate -3 + 5 + -6 - 0.
-4
Calculate 2 - (3 + -2) - (-5 + -1).
7
What is the value of (-1 - (1 + -2)) + -2?
-2
What is the value of -4 + (3 - 7 - -7)?
-1
What is the value of 6 - (-10 + 13 - (0 - 2))?
1
What is the value of -5 + 4 + 2 + 5 - 13?
-7
-6 - (-7 + 2 - 1)
0
What is the value of (3 - (0 + 10)) + 3 - -14?
10
Calculate 5 - 5 - (3 + 2).
-5
Evaluate -23 + 22 - (6 + -1).
-6
What is the value of -4 + -1 + (5 - 3 - -1)?
-2
What is -52 + 53 + (0 - (-2 + 0))?
3
What is -12 + (1 - 2 - -5) - -11?
3
Calculate -1 + -1 + 3 - (-8 + 2).
7
Evaluate -2 + 1 - 5 - (-271 + 271).
-6
What is 1 - (-2 - -3) - (1 + -6)?
5
Calculate 4 + -5 + 1 + (-3 - 1).
-4
What is the value of 2 + -1 + 6 + 526 + -539?
-6
What is the value of -3 + (-4 - (-5 + -2)) + 1?
1
What is the value of 2 + -5 + 2 + -7 + 4?
-4
What is the value of (-3 - 1) + (7 - (7 + -2))?
-2
-1 + -1 + -2 - (2 - 5)
-1
Evaluate -18 - (-14 - (0 - 3)).
-7
Evaluate (2 - 2) + -2 - -3.
1
-16 + 12 - (0 + 0 + -2)
-2
Evaluate 4 + (-21 - (-8 + -2)).
-7
Calculate -4 + (3 - -2) - 3.
-2
What is -3 + (-7 - -11) + -5?
-4
(-4 - -18) + 2 + -10
6
(5 - (-2 - -3)) + -2 + -3
-1
What is -1 - 2 - (10 - 10 - 3)?
0
What is the value of -8 + 4 + 1 + 8?
5
What is the value of -4 - 1 - (-4 - (-6 + 6))?
-1
(1 - 6) + 2 + (-49 - -45)
-7
What is -3 - 0 - (4 + -6 + -1)?
0
What is the value of -8 - -3 - (-8 + 6 + -1)?
-2
-5 - (6 + -10) - 5
-6
Evaluate 2 + (-4 - (-10 - -4)).
4
-3 - ((7 - (-4 + 6)) + -1)
-7
Calculate (3 - 16) + 80 + -72.
-5
2 + -1 - (7 - (-5 - -9))
-2
Calculate 11 + -11 + -6 + 2.
-4
1 + (0 - 13) + 11
-1
Evaluate 6 - (15 - -4) - -17.
4
What is the value of 8 - (7 - 6 - 4) - 8?
3
Calculate -2 - (3 + 0) - -5.
0
Calculate 1 - -12 - 13 - -1.
1
Calculate -127 + 122 + 1 + 1.
-3
Calculate 3 - (20 - (10 + 0)).
-7
Evaluate -3 + -2 + -1 + 3.
-3
Calculate -3 + -3 + (5 - 4).
-5
(-4 - (-4 - (4 - 1))) + 2
5
Calculate (4 - -4) + -2 - 1.
5
Calculate (-2 - (16 + -6)) + 5.
-7
What is (-1 - 3 - 3) + 6?
-1
What is -1 - ((-6 - -5) + (5 - 6))?
1
What is -1 + 5 - (24 + -24) - 1?
3
What is (-4 - -5) + 7 - (1 + 4)?
3
What is the value of -4 + (4 - 6) - -2?
-4
What is 3 + (0 - (10 - 3))?
-4
What is -4 + 0 - (3 + -10 + 1)?
2
Calculate (-21 - -20 - (-1 - 3)) + 1.
4
What is 11 - 1 - 4 - (8 + -4)?
2
-8 + (-4 - (-10 + -4))
2
-8 - (-4 - (-3 + 13))
6
What is -1 + 0 - (27 + -29)?
1
What is the value of 1 + 1 - (4 - (-11 - -10))?
-3
What is ((3 - 1) + -8 - -3) + 10?
7
Calculate -3 + 10 - 7 - 3.
-3
Calculate 5 - (10 - 5) - (-6 + 3).
3
11 - (2 - (11 - 18))
2
What is the value of -11 + (4 - 4) + 6?
-5
What is 8 - (-3 + (4 - -2))?
5
Evaluate 6 + -9 - (0 - 2).
-1
Evaluate (-7 - -6) + -1 + -2.
-4
Calculate -2 + 1 - -3 - (-7 - -6).
3
What is -15 + 12 + 4 + -3 + 12?
10
What is 5 + -3 + (0 - 7)?
-5
Evaluate 4 + 2 + (-2 - 9) + 6.
1
Calculate 11 + (-11 - (1 + -6)).
5
What is 1 + (-9 + 11 - 5)?
-2
Evaluate 3 + (-4 - (-3 - (4 - 0))).
6
Calculate -48 + 41 + 2 + 2.
-3
Evaluate 1 + (0 + -13 - -12).
0
What is the value of -8 + -3 + 4 + 3?
-4
Calculate 1 + -1 - 1 - -2.
1
(-4 + 7 - 8) + 11
6
What is the value of -8 - (-2 - (-5 + 8)) - 0?
-3
Evaluate -46 - -43 - (4 - 1).
-6
7 - (2 - (-11 - -7))
1
What is the value of -7 + 16 + -9 + 4?
4
Evaluate -5 - 5 - -9 - (-4 - 4).
7
Calculate 1 - (0 + -4 - -2).
3
What is (-2 - -4) + 2 - (-7 + 6)?
5
Evaluate 9 - (18 - -7 - 10).
-6
What is the value of (4 - (-4 - (7 + -11))) + 3?
7
(-3 - 5) + 2 + 2
-4
Evaluate (3 - 0) + 3 + -16 + 3.
-7
What is 7 - ((4 - -14) + -7)?
-4
(9 - (25 - 8)) + 3
-5
Evaluate 15 - 11 - (8 + -1).
-3
Calculate -4 + (4 - (-3 - -3)).
0
Evaluate (5 - 2) + (1 - 0 - -1).
5
(-6 - -10) + -2 + 1
3
What is the value of 0 - (-3 + 4 - -2)?
-3
What is the value of 4 - (4 + -3) - (-1 - -9)?
-5
What is the value of -6 - (-1 + 11 + -24)?
8
What is the value of -37 + 34 + (-1 - 1)?
-5
Calculate 2 + (3 - 10) + 2.
-3
Calculate 18 + -15 + -2 - (-2 - 5).
8
Calculate -3 - -7 - (0 - (2 - 3)).
3
-7 + (2 - -5) + -1
-1
What is 0 + -3 - ((4 - 4) + 0)?
-3
What is the value of -5 + 6 + 4 - 8?
-3
-2 - (0 - (3 - -4))
5
-49 + 50 + 0 + (0 - -1)
2
0 + -5 - ((2 - 4) + 0)
-3
What is the value of -6 + 6 + -8 + 3?
-5
Evaluate -13 - -7 - (3 - 10) - 2.
-1
What is the value of (-6 + (3 - -3) - 2) + 3?
1
What is 3 + -7 + 9 + -5?
0
-12 - (10 - 2 - 12)
-8
1 + ((-5 - -4) + -1 - -1)
0
6 + -4 + 3 + 2 + -5
2
Evaluate 0 + -2 + (4 - 0).
2
Calculate (-3 - -4) + -13 + 7.
-5
Calculate (-5 - (0 - (-5 - -4))) + 4.
-2
Calculate -4 + -1 - (-7 + 2 + 2).
-2
What is 2 - (-4 - -9 - 4)?
1
What is the value of -3 - ((-4 - (5 - -3)) + 6)?
3
Calculate -13 - (-4 - -4 - 9).
-4
Calculate (-1 - -7) + (4 - 5).
5
-10 - (5 - (5 - -7))
-3
What is 0 - (2 - (-3 - (-8 - -2)))?
1
Calculate (6 + -12 - (1 - 3)) + 2.
-2
(2 - (-3 - 2)) + -5
2
Calculate -4 + (0 - 0) + (-30 - -32).
-2
-2 + 1 + 4 + (34 - 34)
3
Calculate 4 - (7 + 2 - -2).
-7
What is the value of -1 + (0 - (4 + -10))?
5
What is (9 + -13 - (0 - 7)) + -1?
2
-7 - (16 - 22) - (-1 - -6)
-6
1 + (-10 - -7) + -3 + 0
-5
Calculate (0 - 2 - -2) + 3 + -7.
-4
Evaluate -6 + 3 - (3 + 4 - 7).
-3
What is 4 + -1 + -4 - -1 - 4?
-4
Calculate 6 + (-2 - (0 - 0)).
4
Evaluate (0 - (1 + -1)) + (0 - -5).
5
What is the value of 1 - (2 + -2 + (0 - -2))?
-1
What is the value of -13 - -4 - 0 - -5?
-4
Evaluate -4 + 5 + 2 + -4.
-1
-7 + 3 - (-1 + -2)
-1
Evaluate -4 - (-2 - 4 - 0).
2
Evaluate -3 + (-6 - (-4 - 0)) + 1.
-4
What is the value of 2 + (-4 - (-6 + -1)) + -8?
-3
Calculate (-5 - -10) + -8 - -4.
1
Evaluate (1 - 1) + (5 - (-1 - -7)).
-1
What is (4 - -4 - 3) + -13 - -6?
-2
What is the value of (-11 - (-2 + -14)) + -3?
2
Calculate 2 - (4 + -4 + -1) - 1.
2
Evaluate 2 + (-2 - 8 - -1) - -7.
0
1 + -2 + -2 + 1 - -1
-1
What is the value of (-1 - 2) + (8 + 1 - 5)?
1
Evaluate 6 - (7 + (-8 - -3) + -4).
8
What is the value of 2 + -3 + 2 + 2?
3
What is 54 + -64 - (1 + -7)?
-4
(5 - 2) + 3 + -7
-1
What is the value of -3 - (4 - 2 - 1 - 2)?
-2
4 - (4 - 0 - (-2 - 3))
-5
What is (14 - 0) + (130 - 154)?
-10
What is the value of -2 - 2 - (-5 - -5) - -4?
0
What is the value of -6 + 9 + -8 + 1 + -1?
-5
-15 - (-40 + 40 - (1 - -6))
-8
What is the value of 1 + (-5 + 2 - (3 + -2))?
-3
Evaluate 2 - (-2 - 0) - (3 + 0).
1
What is 3 + -1 + -16 + 11?
-3
Calculate 29 + -34 + -2 + -1 + 14.
6
Calculate 4 - (2 - 1 - -2).
1
Evaluate (2 - 0) + (-1 - -1) - -1.
3
Calculate -1 + (-4 - -1 - -4).
0
What is the value of 8 - (5 + -3 - -4)?
2
(1 + -3 - -2) + -54 + 59
5
10 - (-2 + 0 + -2 - -9)
5
Calculate (16 - 10) + (3 - 8 - 5).
-4
Calculate 10 - (13 + (1 - 3) + -4).
3
Evaluate (-1